{"id":146,"date":"2023-04-20T20:24:49","date_gmt":"2023-04-20T20:24:49","guid":{"rendered":"https:\/\/foerderverein-kalbach.de\/?page_id=146"},"modified":"2024-11-20T18:23:55","modified_gmt":"2024-11-20T18:23:55","slug":"unterstuetzung","status":"publish","type":"page","link":"https:\/\/foerderverein-kalbach.de\/?page_id=146","title":{"rendered":"Unterst\u00fctzung"},"content":{"rendered":"<section class=\"wpb-content-wrapper\"><p>[vc_row][vc_column][\/vc_column][\/vc_row][vc_row][vc_column][vc_separator][\/vc_column][\/vc_row][vc_row][vc_column][vc_separator][\/vc_column][\/vc_row][vc_row][vc_column][vc_column_text]<strong>Unterst\u00fctzung<\/strong><\/p>\n<p>Sie k\u00f6nnen den F\u00f6rderverein der Grundschule Kalbach unterst\u00fctzen<\/p>\n<ul>\n<li>durch Ihre Mitgliedschaft, hier k\u00f6nnen Sie den <a href=\"https:\/\/foerderverein-kalbach.de\/wp-content\/uploads\/2024\/11\/Beitrittsformular_Online_2021.pdf\">Mitgliedsantrag downloaden<\/a><\/li>\n<li>durch aktive Mitarbeit<\/li>\n<li>durch Anregungen und Ideen an den Vorstand <a href=\"mailto:info@foerderverein-kalbach.de\">info@foerderverein-kalbach.de<\/a><\/li>\n<li>durch Geld- und Sachspenden<\/li>\n<li>per \u00dcberweisung:<\/li>\n<\/ul>\n<p style=\"text-align: left;\">\u00a0\u00a0\u00a0\u00a0\u00a0\u00a0\u00a0\u00a0\u00a0\u00a0\u00a0\u00a0\u00a0\u00a0 F\u00f6rderverein der Grundschule Kalbach e. V.<\/p>\n<p style=\"text-align: left;\">\u00a0\u00a0\u00a0\u00a0\u00a0\u00a0\u00a0\u00a0\u00a0\u00a0\u00a0\u00a0\u00a0\u00a0 Raiffeisenbank Oberursel<\/p>\n<p style=\"text-align: left;\">\u00a0\u00a0\u00a0\u00a0\u00a0\u00a0\u00a0\u00a0\u00a0\u00a0\u00a0\u00a0\u00a0\u00a0 IBAN: DE22500617410000447935<\/p>\n<p style=\"text-align: left;\">\u00a0\u00a0\u00a0\u00a0\u00a0\u00a0\u00a0\u00a0\u00a0\u00a0\u00a0\u00a0\u00a0\u00a0 BIC: GENODE51OBU<\/p>\n<ul>\n<li>per PayPal QR-Code<\/li>\n<\/ul>\n<p style=\"padding-left: 80px;\"><img loading=\"lazy\" decoding=\"async\" class=\"alignnone size-full wp-image-244\" src=\"https:\/\/foerderverein-kalbach.de\/wp-content\/uploads\/2024\/11\/Foerderverein_d-qrcode_paypal.png\" alt=\"\" width=\"250\" height=\"158\" \/><\/p>\n<ul>\n<li>per PayPal Formular<\/li>\n<\/ul>\n<p>[\/vc_column_text][\/vc_column][\/vc_row][vc_row][vc_column][vc_raw_html css=&#8221;.vc_custom_1732123962555{margin-left: 50px !important;}&#8221;]JTNDc2NyaXB0JTIwc3JjJTNEJTIyaHR0cHMlM0ElMkYlMkZ3d3cucGF5cGFsLmNvbSUyRnNkayUyRmpzJTNGY2xpZW50LWlkJTNEQkFBTkZtZ3BuRFdsNlN2dFBySE1uN1FFbzdBb2dnSmhBV3pqQVptdWtuMHI1blZYWDBKbi1PS2R4R25FRnpieGpMOHhZRFI2YVNEMG8ySG1iVSUyNmNvbXBvbmVudHMlM0Rob3N0ZWQtYnV0dG9ucyUyNmRpc2FibGUtZnVuZGluZyUzRHZlbm1vJTI2Y3VycmVuY3klM0RFVVIlMjIlM0UlM0MlMkZzY3JpcHQlM0UlMEElM0NkaXYlMjBpZCUzRCUyMnBheXBhbC1jb250YWluZXItWTk3Q1lQVlg4QjVKUyUyMiUzRSUzQyUyRmRpdiUzRSUwQSUzQ3NjcmlwdCUzRSUwQSUyMCUyMHBheXBhbC5Ib3N0ZWRCdXR0b25zJTI4JTdCJTBBJTIwJTIwJTIwJTIwaG9zdGVkQnV0dG9uSWQlM0ElMjAlMjJZOTdDWVBWWDhCNUpTJTIyJTJDJTBBJTIwJTIwJTdEJTI5LnJlbmRlciUyOCUyMiUyM3BheXBhbC1jb250YWluZXItWTk3Q1lQVlg4QjVKUyUyMiUyOSUwQSUzQyUyRnNjcmlwdCUzRQ==[\/vc_raw_html][\/vc_column][\/vc_row][vc_row][vc_column][vc_column_text]<\/p>\n<h1><span style=\"font-size: 14.0pt;\">Hinweis f\u00fcr Spender<\/span><\/h1>\n<p>Wenn sie den F\u00f6rderverein der Grundschule Kalbach e.V. mit einer Zuwendung unterst\u00fctzen, die 200,- \u20ac nicht \u00fcbersteigt, ben\u00f6tigen Sie keine gesonderte Zuwendungsbest\u00e4tigung (&#8220;Spendenbescheinigung&#8221;), um die Spende als Sonderausgabe im Rahmen Ihrer Einkommensteuererkl\u00e4rung geltend zu machen. F\u00fcr Spenden bis 200 Euro gilt ein vereinfachter Zuwendungsnachweis. Ausreichend ist hier zum Beispiel ein Einzahlungsbeleg oder der Kontoauszug, aus dem die Spende hervorgeht. Bescheinigungen m\u00fcssen nur auf Verlangen des Finanzamts eingereicht werden. Allerdings muss die Bescheinigung ein Jahr nach Erhalt des Steuerbescheides aufbewahrt werden. Und das Finanzamt kann verlangen, dass die Belege dennoch eingereicht werden m\u00fcssen.<\/p>\n<p>Der Betrag von 200 Euro gilt \u00fcbrigens f\u00fcr jede Einzelspende, nicht f\u00fcr die Summe der im Jahr geleisteten Spenden.<\/p>\n<p>F\u00fcr Zuwendungen \u00fcber 200,- \u20ac ist als Nachweis eine vom F\u00f6rderverein ausgestellte Zuwendungsbest\u00e4tigung nach amtlich vorgeschriebenem Vordruck erforderlich, die wir Ihnen bei Bedarf gerne ausstellen.<\/p>\n<p>Kontakt f\u00fcr Zuwendungsbest\u00e4tigung: <a href=\"mailto:%20info@foerderverein-kalbach.de\">info@foerderverein-kalbach.de<\/a>[\/vc_column_text][\/vc_column][\/vc_row]<\/p>\n<\/section>","protected":false},"excerpt":{"rendered":"<p>[vc_row][vc_column][\/vc_column][\/vc_row][vc_row][vc_column][vc_separator][\/vc_column][\/vc_row][vc_row][vc_column][vc_separator][\/vc_column][\/vc_row][vc_row][vc_column][vc_column_text]Unterst\u00fctzung Sie k\u00f6nnen den F\u00f6rderverein der Grundschule Kalbach unterst\u00fctzen durch Ihre Mitgliedschaft, hier k\u00f6nnen Sie den Mitgliedsantrag downloaden durch aktive Mitarbeit durch Anregungen und Ideen an den Vorstand info@foerderverein-kalbach.de durch [&hellip;]<\/p>\n","protected":false},"author":1,"featured_media":0,"parent":0,"menu_order":0,"comment_status":"closed","ping_status":"closed","template":"","meta":{"footnotes":""},"class_list":["post-146","page","type-page","status-publish","hentry"],"_links":{"self":[{"href":"https:\/\/foerderverein-kalbach.de\/index.php?rest_route=\/wp\/v2\/pages\/146","targetHints":{"allow":["GET"]}}],"collection":[{"href":"https:\/\/foerderverein-kalbach.de\/index.php?rest_route=\/wp\/v2\/pages"}],"about":[{"href":"https:\/\/foerderverein-kalbach.de\/index.php?rest_route=\/wp\/v2\/types\/page"}],"author":[{"embeddable":true,"href":"https:\/\/foerderverein-kalbach.de\/index.php?rest_route=\/wp\/v2\/users\/1"}],"replies":[{"embeddable":true,"href":"https:\/\/foerderverein-kalbach.de\/index.php?rest_route=%2Fwp%2Fv2%2Fcomments&post=146"}],"version-history":[{"count":21,"href":"https:\/\/foerderverein-kalbach.de\/index.php?rest_route=\/wp\/v2\/pages\/146\/revisions"}],"predecessor-version":[{"id":256,"href":"https:\/\/foerderverein-kalbach.de\/index.php?rest_route=\/wp\/v2\/pages\/146\/revisions\/256"}],"wp:attachment":[{"href":"https:\/\/foerderverein-kalbach.de\/index.php?rest_route=%2Fwp%2Fv2%2Fmedia&parent=146"}],"curies":[{"name":"wp","href":"https:\/\/api.w.org\/{rel}","templated":true}]}}